{"id":410,"date":"2025-12-12T05:57:46","date_gmt":"2025-12-12T05:57:46","guid":{"rendered":"http:\/\/www.abikardesturizm.com\/?page_id=410"},"modified":"2025-12-13T08:16:22","modified_gmt":"2025-12-13T08:16:22","slug":"kariyer","status":"publish","type":"page","link":"http:\/\/www.abikardesturizm.com\/?page_id=410","title":{"rendered":"KAR\u0130YER"},"content":{"rendered":"\n<p>AB\u0130 KARDE\u015e TA\u015eIMACILIK TUR\u0130ZM olarak, \u00e7al\u0131\u015fanlar\u0131m\u0131z\u0131n s\u00fcrekli geli\u015fimini sa\u011flayarak nitelikli i\u015f g\u00fcc\u00fc yaratmak ama\u00e7lar\u0131m\u0131z aras\u0131ndad\u0131r.<\/p>\n\n\n\n<p>\u00c7al\u0131\u015fanlar\u0131n bilgi ve yeteneklerine, g\u00f6sterdikleri performanslara g\u00f6re de\u011ferlendirildikleri do\u011fru ve \u015feffaf insan kaynaklar\u0131 s\u00fcre\u00e7lerimizle nitelikli ve g\u00fc\u00e7l\u00fc i\u015fg\u00fcc\u00fc yaratma hedefindeyiz.<\/p>\n\n\n\n<p>\u00c7al\u0131\u015fanlar\u0131m\u0131za etkinlik ve \u00fcretimlerini art\u0131r\u0131c\u0131 mesleki e\u011fitimler vererek alanlar\u0131nda daha nitelikli bireyler olmalar\u0131na katk\u0131da bulunuyoruz.<\/p>\n\n\n\n<p>Hizmet verdi\u011fimiz sekt\u00f6rde, fark\u0131ndal\u0131\u011f\u0131m\u0131z ve kaliteli hizmet anlay\u0131\u015f\u0131m\u0131z\u0131 benimsemi\u015f, sorumluluk sahibi, alan\u0131nda uzman, d\u00fcr\u00fcst ve \u00fcretken \u00e7al\u0131\u015fma arkada\u015flar\u0131m\u0131z ile yolumuza devam ediyoruz. <\/p>\n\n\n\n<p>Sizler de firmam\u0131z\u0131n \u015feffaf \u00e7al\u0131\u015fma ortam\u0131na kat\u0131lmak isterseniz a\u015fa\u011f\u0131da yaz\u0131l\u0131 mail adresimize t\u0131klayarak CV &#8216;nizi g\u00f6nderebilirsiniz&#8230;<\/p>\n\n\n\n<div class=\"wp-block-group is-nowrap is-layout-flex wp-container-core-group-is-layout-ad2f72ca wp-block-group-is-layout-flex\">\n<ul class=\"wp-block-social-links is-layout-flex wp-block-social-links-is-layout-flex\"><li class=\"wp-social-link wp-social-link-mail  wp-block-social-link\"><a href=\"mailto:&#097;b&#105;&#107;&#097;&#114;&#100;e&#115;&#116;ur&#105;&#122;m&#064;&#103;ma&#105;l&#046;&#099;om\" class=\"wp-block-social-link-anchor\"><svg width=\"24\" height=\"24\" viewBox=\"0 0 24 24\" version=\"1.1\" xmlns=\"http:\/\/www.w3.org\/2000\/svg\" aria-hidden=\"true\" focusable=\"false\"><path d=\"M19,5H5c-1.1,0-2,.9-2,2v10c0,1.1.9,2,2,2h14c1.1,0,2-.9,2-2V7c0-1.1-.9-2-2-2zm.5,12c0,.3-.2.5-.5.5H5c-.3,0-.5-.2-.5-.5V9.8l7.5,5.6,7.5-5.6V17zm0-9.1L12,13.6,4.5,7.9V7c0-.3.2-.5.5-.5h14c.3,0,.5.2.5.5v.9z\"><\/path><\/svg><span class=\"wp-block-social-link-label screen-reader-text\">Mail<\/span><\/a><\/li><\/ul>\n\n\n\n<p>abikardesturizm@gmail.com<\/p>\n<\/div>\n","protected":false},"excerpt":{"rendered":"<p>AB\u0130 KARDE\u015e TA\u015eIMACILIK TUR\u0130ZM olarak, \u00e7al\u0131\u015fanlar\u0131m\u0131z\u0131n s\u00fcrekli geli\u015fimini sa\u011flayarak nitelikli i\u015f g\u00fcc\u00fc yaratmak ama\u00e7lar\u0131m\u0131z aras\u0131ndad\u0131r. \u00c7al\u0131\u015fanlar\u0131n bilgi ve yeteneklerine, g\u00f6sterdikleri performanslara g\u00f6re de\u011ferlendirildikleri do\u011fru ve &hellip;<\/p>\n","protected":false},"author":1,"featured_media":0,"parent":0,"menu_order":0,"comment_status":"closed","ping_status":"closed","template":"","meta":{"footnotes":""},"class_list":["post-410","page","type-page","status-publish","hentry"],"_links":{"self":[{"href":"http:\/\/www.abikardesturizm.com\/index.php?rest_route=\/wp\/v2\/pages\/410","targetHints":{"allow":["GET"]}}],"collection":[{"href":"http:\/\/www.abikardesturizm.com\/index.php?rest_route=\/wp\/v2\/pages"}],"about":[{"href":"http:\/\/www.abikardesturizm.com\/index.php?rest_route=\/wp\/v2\/types\/page"}],"author":[{"embeddable":true,"href":"http:\/\/www.abikardesturizm.com\/index.php?rest_route=\/wp\/v2\/users\/1"}],"replies":[{"embeddable":true,"href":"http:\/\/www.abikardesturizm.com\/index.php?rest_route=%2Fwp%2Fv2%2Fcomments&post=410"}],"version-history":[{"count":6,"href":"http:\/\/www.abikardesturizm.com\/index.php?rest_route=\/wp\/v2\/pages\/410\/revisions"}],"predecessor-version":[{"id":496,"href":"http:\/\/www.abikardesturizm.com\/index.php?rest_route=\/wp\/v2\/pages\/410\/revisions\/496"}],"wp:attachment":[{"href":"http:\/\/www.abikardesturizm.com\/index.php?rest_route=%2Fwp%2Fv2%2Fmedia&parent=410"}],"curies":[{"name":"wp","href":"https:\/\/api.w.org\/{rel}","templated":true}]}}