{"id":349,"date":"2025-12-10T08:43:58","date_gmt":"2025-12-10T08:43:58","guid":{"rendered":"http:\/\/www.abikardesturizm.com\/?page_id=349"},"modified":"2025-12-10T08:55:12","modified_gmt":"2025-12-10T08:55:12","slug":"hakkimizda-2","status":"publish","type":"page","link":"http:\/\/www.abikardesturizm.com\/?page_id=349","title":{"rendered":"HAKKIMIZDA"},"content":{"rendered":"\n<p class=\"has-headings-color has-accent-2-background-color has-text-color has-background has-link-color wp-elements-577296bc6b485d68a3d9ed7bdc393252\"><strong>2011 Y\u0131l\u0131ndan Beri G\u00fcvenli ve Konforlu Ta\u015f\u0131mac\u0131l\u0131<\/strong>k<\/p>\n\n\n\n<p class=\"has-sitetext-color has-accent-2-background-color has-text-color has-background has-link-color wp-elements-57ec87eac156d0f2cd716465ce70e3d0\"><strong>AB\u0130 KARDE\u015e TA\u015eIMACILIK TUR\u0130ZM<\/strong>&nbsp;olarak, 2011 y\u0131l\u0131nda ba\u015flad\u0131\u011f\u0131m\u0131z personel servis ta\u015f\u0131mac\u0131l\u0131\u011f\u0131 hizmetlerimizi,&nbsp;<strong> k\u00f6kl\u00fc tecr\u00fcbemizle<\/strong>&nbsp;s\u00fcrd\u00fcrmekteyiz. Kuruldu\u011fumuz g\u00fcnden bu g\u00fcne&nbsp;<strong>Kalite, G\u00fcven, \u00d6zen ve Dakiklik<\/strong>&nbsp;temel de\u011ferlerimizden \u00f6d\u00fcn vermeden ve her yolculu\u011fu en y\u00fcksek standartlarda ger\u00e7ekle\u015ftiriyoruz.<\/p>\n\n\n\n<p><\/p>\n\n\n\n<p>Ba\u015far\u0131m\u0131z\u0131, s\u00fcrekli kendimizi geli\u015ftirme ve gelece\u011fin ta\u015f\u0131mac\u0131l\u0131k vizyonunu bug\u00fcnden uygulama misyonumuzla sa\u011fl\u0131yoruz:<\/p>\n\n\n\n<ol start=\"1\" class=\"wp-block-list\">\n<li><strong>Maksimum G\u00fcvenlik ve Konfor (0-5 Ya\u015f Filo):<\/strong>&nbsp;M\u00fc\u015fterilerimize rahat ve konforlu ta\u015f\u0131mac\u0131l\u0131k hizmeti sunmak i\u00e7in filomuzu s\u00fcrekli yeniliyoruz. T\u00fcm servis ara\u00e7lar\u0131m\u0131z\u0131n&nbsp;<strong>en fazla 5 ya\u015f<\/strong>&nbsp;standard\u0131nda olmas\u0131n\u0131 sa\u011flayarak, periyodik bak\u0131mlar\u0131 \u00f6zenle yap\u0131lm\u0131\u015f, tam te\u00e7hizatl\u0131 ve konforlu ara\u00e7larla hizmet veriyoruz.<\/li>\n\n\n\n<li><strong>Uzman ve De\u011fer Odakl\u0131 Kadro:<\/strong>&nbsp;\u0130\u015fine ve insanlara de\u011fer veren bir ekip, mesle\u011fine sahip \u00e7\u0131kan ve kurallara azami \u00f6l\u00e7\u00fcde riayet eden, deneyimli ve g\u00fcler y\u00fczl\u00fc&nbsp;<strong>uzman s\u00fcr\u00fcc\u00fc kadrosuyla<\/strong>&nbsp;\u00e7al\u0131\u015fmaktay\u0131z. <\/li>\n\n\n\n<li><strong>\u0130leri Teknoloji Kullan\u0131m\u0131:<\/strong>&nbsp;\u00c7a\u011f\u0131m\u0131z\u0131n getirdi\u011fi ileri teknolojiyi t\u00fcm imkanlar\u0131m\u0131zla kullan\u0131yor; ara\u00e7 takip sistemleri ve anl\u0131k ileti\u015fim \u00e7\u00f6z\u00fcmleriyle servis ta\u015f\u0131mac\u0131l\u0131\u011f\u0131nda&nbsp;<strong>\u015feffafl\u0131\u011fa ve yeniliklere \u00f6nc\u00fc olmaya<\/strong>&nbsp;devam ediyoruz.<\/li>\n<\/ol>\n\n\n\n<p>Ta\u015f\u0131d\u0131\u011f\u0131m\u0131z insanlar\u0131n evlerinden i\u015f yerlerine g\u00fcvenli, huzurlu ve zaman\u0131nda ula\u015f\u0131mlar\u0131n\u0131 sa\u011flamak bizim her daim \u00f6ncelikli g\u00f6revimizdir.<\/p>\n\n\n\n<p><strong>AB\u0130 KARDE\u015e TA\u015eIMACILIK TUR\u0130ZM<\/strong>&nbsp;olarak; hizmet kalitemiz ve d\u00fcr\u00fcstl\u00fck ilkemizle bizi tercih eden t\u00fcm de\u011ferli m\u00fc\u015fterilerimize te\u015fekk\u00fcr ederiz.<\/p>\n\n\n\n<p><\/p>\n\n\n\n<h1 class=\"wp-block-heading\">V\u0130ZYONUMUZ<\/h1>\n\n\n\n<p><\/p>\n\n\n\n<p>Vizyonumuz \u00e7er\u00e7evesinde idari ve s\u00fcr\u00fcc\u00fc kadromuzun profesyonel bir ekip ruhu ile \u00e7al\u0131\u015fmas\u0131n\u0131 sa\u011fl\u0131yor, m\u00fc\u015fterilerimizin g\u00fcvenini kazanarak kaliteyi daima \u00fcst seviyede tutmay\u0131 hedefliyoruz.<\/p>\n\n\n\n<h4 class=\"wp-block-heading\">T\u00fcm servis s\u00fcr\u00fcc\u00fclerimiz:<\/h4>\n\n\n\n<p>Sorumluluk sahibi<br>Sab\u0131ka ve Sa\u011fl\u0131k Problemi bulunmayan<br>Trafik kurallar\u0131na azami \u00f6l\u00e7\u00fcde riayet eden<br>\u0130\u015f deneyimlerinin zirvesinde,<br>Ticari Ta\u015f\u0131t kullanma Belgeli<br>En az 5 y\u0131l ehliyetli<br>K\u0131l\u0131k k\u0131yafetine \u00f6zen g\u00f6steren<br>G\u00fcler y\u00fczl\u00fc ki\u015filerdir<\/p>\n\n\n\n<h4 class=\"wp-block-heading\">T\u00fcm Servis Ara\u00e7lar\u0131m\u0131z:<\/h4>\n\n\n\n<p><br>Koltuklarda emniyet kemeri bulunan,<br>0-5 ya\u015f aras\u0131nda<br>Periyodik bak\u0131mlar\u0131 \u00f6zenle ve zaman\u0131nda yap\u0131lan,<br>\u0130\u00e7 ve D\u0131\u015f Temizlikleri g\u00fcnl\u00fck yap\u0131lan,<br>Konforlu,Is\u0131tma ve So\u011futma sistemleri \u00e7al\u0131\u015fan,<br>Hava ve yol \u015fartlar\u0131na g\u00f6re her t\u00fcrl\u00fc te\u00e7hizat\u0131 bulunan,<br>Mecburi te\u00e7hizat ve avadanl\u0131klar (yang\u0131n s\u00f6nd\u00fcrme cihaz\u0131, ilk yard\u0131m \u00e7antas\u0131, trafik seti) eksiksiz, kullan\u0131lmaya haz\u0131r olan<br>Trafik, Kasko, \u0130htiyari mali mesuliyet sigortas\u0131 ve ferdi koltuk sigortalar\u0131 yap\u0131lm\u0131\u015f ara\u00e7lard\u0131r<\/p>\n\n\n\n<h1 class=\"wp-block-heading\">M\u0130SYONUMUZ<\/h1>\n\n\n\n<p>M\u00fc\u015fteri Memnuniyeti sa\u011flamak<\/p>\n\n\n\n<p>G\u00fcvenilir olmak<\/p>\n\n\n\n<p>G\u00fcler y\u00fczl\u00fc olmak<\/p>\n\n\n\n<p>Uygun \u00fccretle en iyi hizmeti sa\u011flamak<\/p>\n\n\n\n<p>Yolcular\u0131m\u0131za y\u00fcksek kalitede seyahat imkan\u0131 sa\u011flamak<\/p>\n\n\n\n<h4 class=\"wp-block-heading\">KAL\u0130TE POL\u0130T\u0130KAMIZ<\/h4>\n\n\n\n<p><strong>AB\u0130 KARDE\u015e TA\u015eIMACILIK TUR\u0130ZM<\/strong>&nbsp; Personel ta\u015f\u0131mac\u0131l\u0131\u011f\u0131 sekt\u00f6r\u00fcnde<\/p>\n\n\n\n<p>D\u00fcr\u00fcst ve g\u00fcvenli hizmet slogan\u0131<br>E\u011fitimli personeli<br>Y\u00fcksek modelli ara\u00e7lar\u0131<br>Esnek \u00e7al\u0131\u015fma \u015fekli<br>Dakik hizmet anlay\u0131\u015f\u0131<\/p>\n\n\n\n<p>ile kalite hedefleri do\u011frultusunda hatas\u0131z hizmet seviyesini s\u00fcrekli artt\u0131rmay\u0131 ama\u00e7 edinmi\u015ftir.<\/p>\n\n\n\n<h4 class=\"wp-block-heading\">HEDEFLER\u0130M\u0130Z<\/h4>\n\n\n\n<p>Her zaman mevcut olan en son model ara\u00e7lar ile hizmet vermek<\/p>\n\n\n\n<p>M\u00fc\u015fterilerimizin isteklerini \u00f6n planda tutarak y\u00fcksek memnuniyet seviyesini devam ettirmek<\/p>\n\n\n\n<p>Hizmet kalitemiz ile sekt\u00f6r\u00fcm\u00fczde rol model olabilmek<\/p>\n\n\n\n<p>D\u00fcnyadaki kalite standartlar\u0131n\u0131 takip ederek uygulamaya almak<\/p>\n\n\n\n<p><strong>D\u00dcR\u00dcSTL\u00dcK \u0130LKEM\u0130Z&nbsp;<\/strong><\/p>\n\n\n\n<p><strong><strong>AB\u0130 KARDE\u015e TA\u015eIMACILIK TUR\u0130ZM<\/strong>&nbsp;<\/strong>&nbsp;olarak her zaman etik ve profesyonel standartlara uygun hareket ederiz.<br>Toplumumuz, payda\u015flar\u0131m\u0131z, m\u00fc\u015fterilerimiz, \u00e7al\u0131\u015fanlar\u0131m\u0131z ve kendimiz i\u00e7in en do\u011fru olan\u0131 yapar\u0131z.<br>A\u00e7\u0131k, samimi ve i\u00e7tenlikle ileti\u015fim kurar\u0131z. Davran\u0131\u015flar\u0131m\u0131z\u0131n sorumlulu\u011funu \u00fcstlenir, y\u00fck\u00fcml\u00fcl\u00fcklerimizi yerine getiririz.<br>\u0130mzalad\u0131\u011f\u0131m\u0131z s\u00f6zle\u015fmelerin metnine ve ruhuna uygun davran\u0131r\u0131z.<br>Gizlilik prensiplerine titizlikle uyar\u0131z.<\/p>\n\n\n\n<p><strong>SAYGI \u0130LKEM\u0130Z<\/strong><\/p>\n\n\n\n<p>\u00c7al\u0131\u015fanlar\u0131m\u0131z\u0131n, m\u00fc\u015fterilerimizin, payda\u015flar\u0131m\u0131z\u0131n ve i\u00e7inde bulundu\u011fumuz toplumun \u00e7\u0131karlar\u0131n\u0131 g\u00f6zetiriz.<br>Yasalara uyar\u0131z ve yasal haklara sayg\u0131 g\u00f6steririz.<br>\u00d6n yarg\u0131s\u0131z hareket eder; inan\u00e7, k\u00fclt\u00fcr ve di\u011fer t\u00fcm farkl\u0131l\u0131klara sayg\u0131 g\u00f6sterir ve de\u011fer veririz.<br>\u015eirket kurallar\u0131na uygun davran\u0131r, kural ihlallerinin sayg\u0131s\u0131zl\u0131k oldu\u011funu biliriz.<br>Fikirlerimizi sayg\u0131 \u00e7er\u00e7evesinde ifade ederiz.<br>Anla\u015fmazl\u0131klarda \u00e7\u00f6z\u00fcme odaklan\u0131r, uzla\u015fma sa\u011flamak i\u00e7in \u00e7aba sarf ederiz.<\/p>\n\n\n\n<h3 class=\"wp-block-heading\"><strong>\u015eEFFAFLIK \u0130LKEM\u0130Z<\/strong><\/h3>\n\n\n\n<p>Birbirimizle bilgiyi payla\u015f\u0131r, birlikte \u00f6\u011frenir, birlikte geli\u015firiz.<br>Sonuca ula\u015fmak i\u00e7in esnek ve duyarl\u0131 davran\u0131r, gerekli bilgi ve verileri i\u015f arkada\u015flar\u0131m\u0131zla rahatl\u0131kla payla\u015f\u0131r\u0131z.<br>Payla\u015f\u0131m\u0131n g\u00fcc\u00fcne inan\u0131r, iyi ve k\u00f6t\u00fc g\u00fcnde birbirimize ortak oluruz.<br>Payda\u015flar\u0131m\u0131zla olan ili\u015fkilerimizde neyi yap\u0131p, neyi yapamayaca\u011f\u0131m\u0131z\u0131 a\u00e7\u0131k\u00e7a payla\u015f\u0131r\u0131z.<\/p>\n\n\n\n<p><strong>TAKIM RUHUMUZ<\/strong><\/p>\n\n\n\n<p>Tak\u0131m \u00e7al\u0131\u015fmas\u0131na de\u011fer veririz.<br>S\u00fcrd\u00fcr\u00fclebilir ba\u015far\u0131n\u0131n ancak ekip \u00e7al\u0131\u015fmas\u0131 ile m\u00fcmk\u00fcn olaca\u011f\u0131n\u0131 biliriz.<br>Ortak ama\u00e7lara ula\u015fmak i\u00e7in elbirli\u011fi ile \u00e7al\u0131\u015f\u0131r, ba\u015far\u0131lar\u0131m\u0131z\u0131 birlikte kutlar\u0131z.<br>\u0130\u015f tan\u0131m\u0131 ile kendimizi s\u0131n\u0131rlamay\u0131p, sonu\u00e7 ve ba\u015far\u0131 i\u00e7in elimizden gelenin en iyisini yapar\u0131z.<br>Di\u011fer elemanlarla birlikte \u00e7al\u0131\u015fma konusunda bireysel inisiyatif al\u0131r\u0131z.<\/p>\n\n\n\n<h3 class=\"wp-block-heading\">AL\u00c7AK G\u00d6N\u00dcLL\u00dcL\u00dcK \u0130LKEM\u0130Z<\/h3>\n\n\n\n<p>\u0130nsana \u00f6nem ve de\u011fer veren davran\u0131\u015flar sergileriz.<br>Hi\u00e7bir zaman kibirli davranmaz, t\u00fcm ili\u015fkilerimizde kazan-kazan yakla\u015f\u0131m\u0131n\u0131 benimseriz.<br>M\u00fc\u015fterilerimizin \u00f6n planda olmalar\u0131n\u0131 ister, onlar\u0131n ba\u015far\u0131lar\u0131n\u0131n bizim ba\u015far\u0131lar\u0131m\u0131z oldu\u011funu biliriz.<br>Al\u00e7ak g\u00f6n\u00fcll\u00fc yakla\u015f\u0131m\u0131m\u0131z ile t\u00fcm payda\u015flar\u0131m\u0131z\u0131n isteklerini dinler, onlar\u0131n ba\u015far\u0131s\u0131n\u0131n bizim ba\u015far\u0131m\u0131z oldu\u011funu biliriz.<br>Yapt\u0131\u011f\u0131m\u0131z i\u015fte yaratt\u0131\u011f\u0131m\u0131z katma de\u011ferin bilinciyle hareket eder, bunu art\u0131rma iste\u011fiyle \u00e7al\u0131\u015f\u0131r\u0131z.<\/p>\n\n\n\n<p>M\u00dcKEMMEL\u0130YET \u0130LKEM\u0130Z<\/p>\n\n\n\n<p>Ula\u015ft\u0131\u011f\u0131m\u0131z sonu\u00e7lar ve bu sonu\u00e7lara ula\u015fma tarz\u0131m\u0131zda m\u00fckemmelli\u011fe \u00f6ncelik veririz.<br>Yapt\u0131\u011f\u0131n i\u015fi en iyi \u015fekilde ve bir defada yap prensibiyle hareket ederiz, yenilikleri kusursuz bir \u015fekilde uygulamaya al\u0131r\u0131z.<br>\u0130\u015f yapma standartlar\u0131m\u0131z\u0131n \u00e7\u0131tas\u0131n\u0131 s\u00fcrekli y\u00fckselterek s\u00fcre\u00e7lerimizi iyile\u015ftiririz.<\/p>\n\n\n\n<p>T\u00fcm i\u015flerimizi bir plan-program dahilinde yapar\u0131z.<br>En uygun sonuca ula\u015fmak i\u00e7in proaktif olarak gerekti\u011finde inisiyatif kullan\u0131r\u0131z.<br>K\u00fcresel g\u00f6r\u00fc\u015fe sahip olup, sekt\u00f6rlerimizdeki geli\u015fmelerini yak\u0131ndan takip ederiz.<br>Hatas\u0131zl\u0131\u011fa \u00f6nem veririz. Yap\u0131lanlar\u0131 konu\u015furuz, hatalardan \u00f6\u011freniriz, hatalar\u0131 tekrarlamamaya \u00e7al\u0131\u015f\u0131r\u0131z.<\/p>\n\n\n\n<p>SORGULAMA \u0130LKEM\u0130Z<\/p>\n\n\n\n<p>Sorgulay\u0131c\u0131 yakla\u015f\u0131mlar\u0131 destekler, ki\u015fisel ve kurumsal geli\u015fimimizin en \u00f6nemli dayanaklar\u0131ndan biri olarak de\u011ferlendiririz.<br>Her konuda neden-sonu\u00e7 ili\u015fkisini s\u00fcrekli kendimize sorarak, bir i\u015fin daha etkin yap\u0131lmas\u0131 i\u00e7in yeni yollar, y\u00f6ntemler geli\u015ftiririz.<br>Yeni yollar ve y\u00f6ntemler geli\u015ftirilirken, s\u00fcre\u00e7 bazl\u0131 yakla\u015f\u0131m i\u00e7inde de\u011ferlendirmeler yapar ve ya\u015fanabilecek olas\u0131 aksakl\u0131klar\u0131 ortadan kald\u0131rarak ilerleriz.<br>Sorgulama sayesinde i\u015f yap\u0131\u015f \u015feklimizi geli\u015fen teknolojilere g\u00f6re g\u00f6zden ge\u00e7irir, kal\u0131pla\u015fm\u0131\u015f \u00e7\u00f6z\u00fcmleri sorgular, yeniliklere s\u00fcratle adapte oluruz<\/p>\n","protected":false},"excerpt":{"rendered":"<p>2011 Y\u0131l\u0131ndan Beri G\u00fcvenli ve Konforlu Ta\u015f\u0131mac\u0131l\u0131k AB\u0130 KARDE\u015e TA\u015eIMACILIK TUR\u0130ZM&nbsp;olarak, 2011 y\u0131l\u0131nda ba\u015flad\u0131\u011f\u0131m\u0131z personel servis ta\u015f\u0131mac\u0131l\u0131\u011f\u0131 hizmetlerimizi,&nbsp; k\u00f6kl\u00fc tecr\u00fcbemizle&nbsp;s\u00fcrd\u00fcrmekteyiz. Kuruldu\u011fumuz g\u00fcnden bu g\u00fcne&nbsp;Kalite, G\u00fcven, &hellip;<\/p>\n","protected":false},"author":1,"featured_media":0,"parent":0,"menu_order":0,"comment_status":"closed","ping_status":"closed","template":"","meta":{"footnotes":""},"class_list":["post-349","page","type-page","status-publish","hentry"],"_links":{"self":[{"href":"http:\/\/www.abikardesturizm.com\/index.php?rest_route=\/wp\/v2\/pages\/349","targetHints":{"allow":["GET"]}}],"collection":[{"href":"http:\/\/www.abikardesturizm.com\/index.php?rest_route=\/wp\/v2\/pages"}],"about":[{"href":"http:\/\/www.abikardesturizm.com\/index.php?rest_route=\/wp\/v2\/types\/page"}],"author":[{"embeddable":true,"href":"http:\/\/www.abikardesturizm.com\/index.php?rest_route=\/wp\/v2\/users\/1"}],"replies":[{"embeddable":true,"href":"http:\/\/www.abikardesturizm.com\/index.php?rest_route=%2Fwp%2Fv2%2Fcomments&post=349"}],"version-history":[{"count":4,"href":"http:\/\/www.abikardesturizm.com\/index.php?rest_route=\/wp\/v2\/pages\/349\/revisions"}],"predecessor-version":[{"id":381,"href":"http:\/\/www.abikardesturizm.com\/index.php?rest_route=\/wp\/v2\/pages\/349\/revisions\/381"}],"wp:attachment":[{"href":"http:\/\/www.abikardesturizm.com\/index.php?rest_route=%2Fwp%2Fv2%2Fmedia&parent=349"}],"curies":[{"name":"wp","href":"https:\/\/api.w.org\/{rel}","templated":true}]}}